.
2, 3, 1019
Suppose 34 = 4*f + 10. Suppose -f*l - 1456 = -10*l. List the prime factors of l.
2, 7, 13
Let z = -19555 - -31002. What are the prime factors of z?
11447
Suppose q = -15*i + 11*i + 23969, -2*i + 47914 = 2*q. List the prime factors of q.
17, 1409
Suppose -3*m + 3 = 4*b - 20, -2*m + 2 = -4*b. Let c = 9 - b. Suppose n - 143 = 5*u, n - c*u - 145 = -4*u. What are the prime factors of n?
2, 37
Suppose 45*a - 3 = 48*a, 3*q + 2*a - 82864 = 0. What are the prime factors of q?
2, 7, 1973
Let i = -696 - -861. Let w = i - -550. What are the prime factors of w?
5, 11, 13
Let f = 30245 + -26884. List the prime factors of f.
3361
Let u be ((-24)/10)/(6*2/2970). Let x = u + 1072. List the prime factors of x.
2, 239
Let s(r) = 404*r**2 + r - 3. Let f(j) = -j**2 + 15. Let x be f(-4). What are the prime factors of s(x)?
2, 5
Let u(r) = -12*r + 83. Let t be u(7). Let x be 1/((-2)/(6 - -2)). List the prime factors of 226*(x - (-4 + t)).
2, 113
Suppose -149 - 187 = 4*u. Let o = u - -41. Let q = 65 + o. List the prime factors of q.
2, 11
Let d = -20286 - -37034. List the prime factors of d.
2, 53, 79
Suppose -12*z + 17144 = -12772. List the prime factors of z.
3, 277
List the prime factors of (-11 - (-3306550)/90) + (-28)/63.
2, 4591
Suppose 2*q - 2 = 3*q. Let c(a) = -176*a - 3. Let u be c(q). Suppose 5*w - 22 - 111 = -b, u = 3*b + 5*w. List the prime factors of b.
2, 3
Suppose -30*d - 965 - 2455 = 0. What are the prime factors of ((-120)/(-57) - 2) + (-182274)/d?
3, 13, 41
What are the prime factors of 3*(-87452)/(-12) + (-25 - -15)?
13, 41
Suppose -h = h - 2, 4*j + h + 7 = 0. Let v(m) = -3*m**3 - 4*m**2 - 2*m - 2. Let y be v(j). Suppose 0 = y*g - 3*g - 273. List the prime factors of g.
3, 13
Suppose -a + 5*f = -0*a - 384, -a - 5*f = -434. Let g be (-51)/(-68) + 26/8. Suppose j = g*s - a, 4*s - 5*j - 515 = -s. List the prime factors of s.
2, 3, 17
Let x be (20/(-35) + 0)*-21. List the prime factors of ((-3)/(x/(-4)))/((-3)/(-81)).
3
Let j be 258/(-215) - (-681)/5. Suppose 627 = 3*d + j. What are the prime factors of d?
2, 41
Suppose 0 = -267*g + 2738784 + 281520. What are the prime factors of g?
2, 7, 101
List the prime factors of ((-1763685)/(-91))/1 + (28/(-13) - -2).
19381
Let n = 18811 - 11366. List the prime factors of n.
5, 1489
Let k(s) = 40*s + 3833. What are the prime factors of k(78)?
17, 409
Let v(r) = -r**2 + 20*r - 25. Let t be v(23). What are the prime factors of 395/2 - (-47)/t?
197
Suppose 0 + 12 = 3*r. What are the prime factors of 331 + 0/(4/r)?
331
Suppose 0 = -6*g - 957 + 51. Let z = g - -319. What are the prime factors of z?
2, 3, 7
Suppose -r + 3*s = -29466, -2*r + 10554 + 48483 = 9*s. List the prime factors of r.
3, 9829
Let d(g) = 49*g + 18. Let j(o) = 49*o + 19. Let a(f) = -6*d(f) + 5*j(f). Let m be a(-4). Suppose -7*l + 664 = -m. List the prime factors of l.
11
Suppose 5*h = s - 504, 29*h + 986 = 2*s + 30*h. List the prime factors of s.
2, 13, 19
Suppose 2*z - 7*z = -7*z. Suppose -g + 2*x + 96 = 0, 2*g + 4*x = -z*x + 232. List the prime factors of g.
2, 53
Let c(s) = s**3 + 43*s**2 - 15*s - 10. Let g be c(13). Suppose g = 22*o + 3209. What are the prime factors of o?
5, 11
Let n = 56 + -59. Let v be n + 24*6/9*1. Suppose 0 = 9*j - 10*j + v. List the prime factors of j.
13
Suppose -1785 = -3*x + 5*o, -x = -4*o - 813 + 225. Suppose 0 = j + j - x. Let n = j + -170. List the prime factors of n.
2, 5, 13
Suppose 4*k + 38 - 2 = 0. List the prime factors of k + (-6195)/(-5) + -9.
3, 11, 37
Suppose 6*w - 759 = 146498 + 24985. List the prime factors of w.
3, 7, 1367
Suppose 5*h + 2*m - 6060 = 7*m, -4864 = -4*h - 4*m. Let b = 1853 - h. List the prime factors of b.
3, 71
What are the prime factors of 855750/60*(-90)/(-15)?
3, 5, 7, 163
Let i(j) = 10*j + 1212. List the prime factors of i(146).
2, 167
Suppose -2*a + 12 = -5*a. Let z be (-139)/(-4)*-6*a. Suppose z + 414 = 8*u. What are the prime factors of u?
2, 3, 13
Suppose 13 = 2*v - 5*b, -3*b - 21 = -5*v - 2*b. Let h = 15 + 172. Suppose -3*x + 135 = -4*z, 3*z = v*x - 0*x - h. List the prime factors of x.
7
Let a = -7453 - -20564. What are the prime factors of a?
7, 1873
Let n(i) be the first derivative of 7*i**2 + 30*i + 37. Let b be n(-2). Suppose a + 384 = b*l, 0*a = -l + a + 190. List the prime factors of l.
2, 97
Let i = 10665 + -1537. What are the prime factors of i?
2, 7, 163
What are the prime factors of 405785/10 - -3*((-282)/36 + 8)?
7, 11, 17, 31
Let x be (-14075)/(-15) + -2 - (-3)/(-9). Suppose 7*c = x + 3327. List the prime factors of c.
3, 7, 29
Suppose 7*l - 2*l + 25 = 0, 2*s - 4*l - 32036 = 0. List the prime factors of s.
2, 3, 23, 29
Let j be 2/16 + (-2905)/(-56). Suppose -51*v = -j*v + 35. List the prime factors of v.
5, 7
Let b(t) = 119*t**2 + 1. Let s be b(-1). Suppose 138 = 2*p - 2*u, -4*p + 284 = -14*u + 12*u. Let x = s - p. What are the prime factors of x?
47
Let a = -74 - -66. Let d(p) = -76*p - 38. What are the prime factors of d(a)?
2, 3, 5, 19
Let s(v) be the third derivative of -v**4/4 - v**3/3 - v**2 - 88*v. Suppose t + 7 = -a, 4*a + 49 = -3*t + 19. What are the prime factors of s(a)?
2, 13
Suppose -q + 46031 = -3*v, 1203*v = 2*q + 1199*v - 92060. What are the prime factors of q?
2, 37, 311
Suppose 5937 + 1503 = 5*b. Suppose 0 = t + 3*t - 4*w - b, 0 = 2*t + 2*w - 764. What are the prime factors of t?
13, 29
Suppose -5*k = 2*q + 35 + 51, -3*k + 70 = -2*q. Let h be -2*(-6)/(-8) - 57/q. Suppose h = -3*z + 300 + 546. List the prime factors of z.
2, 3, 47
Let b(l) = l**3 - 22*l**2 + 27*l - 42. Let y be b(21). Let t = -134 - -205. Let h = y - t. What are the prime factors of h?
13
Suppose -368 = -21*n + 5*n. Suppose -n*y = -21*y - 438. What are the prime factors of y?
3, 73
Let y(m) = 150*m - 1. Let a be y(2). Suppose 0 = -2724*i + 2719*i - 650. Let n = a + i. List the prime factors of n.
13
Let q = -58208 - -111556. List the prime factors of q.
2, 13337
Let j be -1 + (10 + -6)*1. Suppose -4*s + o = -134, -j*o + 5*o - 29 = -s. List the prime factors of s.
3, 11
Suppose -5*o + 3280 = 3*n, o - 7360 = -5*n - 1886. Suppose 2*w - n = 5*z, 9*w - 1659 = 6*w + 2*z. List the prime factors of w.
3, 5, 37
Suppose -5*w = -20, 55*a - 2*w = 51*a + 16372. List the prime factors of a.
3, 5, 7, 13
Let f(i) = -311*i - 6960. List the prime factors of f(-93).
3, 7321
Suppose -3*z = -3*m - 0*z + 1101, 0 = m + 4*z - 382. Let q be (7/(-2))/((-5)/m). Let o = -185 + q. What are the prime factors of o?
2, 37
Let u(s) = 7*s + 9 - 16*s**2 + 33*s**2 - 15*s**2. Let b be u(-3). Suppose -109 - 143 = -b*x. What are the prime factors of x?
2, 3, 7
Let m = -1 + 7. Let p(v) = -v**2 + 8*v - 10. Let r be p(m). Suppose -12 = r*t - 3*t. List the prime factors of t.
2, 3
Let o be (-4)/34 + (-76965)/(-51). Suppose 5*a = -37*h + 38*h + o, -5 = -5*h. What are the prime factors of a?
2, 151
Let y(g) = -7*g - 18. Let w be y(-3). Suppose m + 49 = f, -m + 107 - w = 2*f. Suppose -5*p + 189 = -f. List the prime factors of p.
2, 3
Let k = 775 - 767. List the prime factors of k/22 - 113040/(-110).
2, 257
Suppose -55*b + 25341 = -84054. What are the prime factors of b?
3, 13, 17
Suppose -8131 = 10*s - 49541. What are the prime factors of s?
41, 101
Let d be (-4)/(-8)*46 + 2. Let g = d - 23. What are the prime factors of -30*(g - 15/6)?
3, 5
Let b = 12745 + -8179. List the prime factors of b.
2, 3, 761
Let s be ((-6)/4)/((-5)/(-4) + -2). List the prime factors of (380/(-12) + 2)/(s/(-12)).
2, 89
Let g = 93213 - 32224. List the prime factors of g.
71, 859
Let z(s) = 92*s + 4070. What are the prime factors of z(155)?
2, 3, 5, 13, 47
What are the prime factors of 699/(-5)*(-31320)/648?
29, 233
Let x be (1 - 0)*-69*-1. Suppose x*o = 64*o + 65. Suppose -2*y - 1441 = -o*y. List the prime factors of y.
131
Let j be 26/(-39) + (-672505)/(-15). Suppose j = 48*b - 5519. What are the prime factors of b?
1049
Suppose 0 = -73*v + 9*v + 146440 - 29128. List the prime factors of v.
3, 13, 47
Let k(r) = 1897*r**2 + 125*r + 241. What are the prime factors of k(-2)?
11, 13, 53
Let d be 372/(-62) - (57 + -1)/(-2). Suppose 5*p + 4*m = 8443, 4*p = 20*m - d*m + 6752. What are the prime factors of p?
7, 241
Let c(k) = 15*k**2 + 17*k - 16. Let m be c(1). Suppose m*f - 11*f = 2770. What are the prime factors of f?
2, 277
Suppose -6939 = 